alculate the highest common divisor of v and 70.
10
Let d(h) = 5*h**2 - 5 - 10*h**2 - 2 + h**2 - h**3. Let p be d(-5). Let z be 71*1 - (12 + -13). Calculate the greatest common divisor of z and p.
18
Let h(q) = 7*q**2 - 14*q + 3. Let x be 7 + 2 - (-1 - -5). Let z be h(x). What is the greatest common factor of 48 and z?
12
Let o(q) be the first derivative of q**4/4 - 3*q**3 - 15*q**2/2 + 57*q - 62. Let l be o(11). Calculate the greatest common factor of l and 67.
67
Let a = 21108 + -15702. What is the greatest common factor of a and 212?
106
Let p be (-1)/(4 - (-27)/(-6)). Suppose -p*q + 4*a = -236, 27 = -5*a + 7. What is the greatest common factor of q and 495?
55
Let f(n) = -4*n**2 - 22*n + 22. Let p be f(0). Let t(b) = -89*b - 5. Let y be t(-5). What is the greatest common factor of y and p?
22
Suppose 4*u - 4*m = 8*u + 724, -2*m = -2*u - 350. Let l = 295 + u. Calculate the greatest common divisor of 36 and l.
9
Suppose -4*f - h = -304 + 92, -4*f + 228 = -3*h. Calculate the greatest common divisor of 7695 and f.
27
Let x be (-32)/48 - 1403/(-3). Suppose -3*l = -k + 121 - 14, 2*l = -5*k + x. Let z = 45 + k. Calculate the greatest common factor of z and 20.
20
Suppose 67*f = 36*f + 65472. Calculate the greatest common divisor of 396 and f.
132
Suppose 6312 + 7162 = 12*v - 458. What is the greatest common factor of v and 9?
9
Let m(h) = -h**2 - 165*h - 3817. Let l be m(-28). Calculate the highest common factor of l and 16397.
19
Suppose 0 = -5*g, 525 = 2*q - 3*g - 553. Let r be (-25524)/(-22) - -1 - 98/q. Calculate the greatest common divisor of 27 and r.
27
Let l(z) = -z**3 - 6*z**2 - 6*z - 1. Let g = 3 + -9. Let w be l(g). Let b = 36055 + -36048. Calculate the highest common divisor of w and b.
7
Suppose -96 = -3*f + 4*s + 6, 4*f - 129 = 3*s. Suppose 8*b - 2340 = 2*b. Calculate the highest common factor of b and f.
30
Suppose -5*i + 2*i = -12. Let a(c) = c**3 - 10*c**2 + 36*c - 58. Let q be a(6). What is the highest common divisor of i and q?
2
Suppose -2*r + 12 = 3*c + 4, -10 = 5*c. Let z be 6*(-63)/(-270)*5. Calculate the highest common factor of z and r.
7
Let r be 2*(560/8)/7. Let p be ((-5)/(-20) - 877/(-12))*3. What is the greatest common factor of r and p?
20
Suppose 34*m = 26*m + 152. Suppose -204 = -m*r + 24. Suppose -2*v - 136 = -3*v - l, 412 = 3*v + 4*l. Calculate the highest common divisor of r and v.
12
Let p = -20 + 60. Let g be ((-12240)/2856)/((-9)/42 - 0). What is the highest common divisor of g and p?
20
Let c be (-10727)/(-357) + -30 + 923/21. What is the greatest common divisor of 5632 and c?
44
Let i be (1/2)/((-4)/(-264)). Suppose i*c - 38*c + 3960 = 0. Suppose 0 = -4*s - 7*s + c. Calculate the highest common divisor of 18 and s.
18
Suppose -2*v - m + 124 - 27 = 0, -4*m = 3*v - 138. Suppose 4*y + v = 9*y. What is the highest common divisor of 300 and y?
10
Let d = 407 + 489. What is the highest common factor of d and 126?
14
Suppose 2*z = -9*p + 3*z + 27022, 0 = -3*p - z + 9014. Calculate the greatest common divisor of 154 and p.
77
Suppose 6 = -4*d - 2*c, 5*c = 5*d + 6*c. Let o = d + 22. Let x = o - -11. Calculate the greatest common factor of 17 and x.
17
Let g = 896 - 622. Suppose -g = -11*d + 23. What is the greatest common divisor of 6 and d?
3
Let v be (-1)/((-11)/6 + 50/30). Suppose 4*m - 5*m + 15 = 0. Calculate the greatest common factor of m and v.
3
Suppose 232608 = -4423*y + 4431*y. What is the highest common divisor of 12 and y?
12
Let u = 31885 + -16585. Calculate the greatest common factor of 102 and u.
102
Let b(g) = 8*g**2 + 144*g - 879. Let l be b(-24). Suppose 3*x + p - 237 - 231 = 0, 4*p - 624 = -4*x. Calculate the highest common divisor of l and x.
39
Suppose -r = -5*t + 192, 2*t + 2*t + 4*r - 168 = 0. Let s(f) = 5*f + 7*f - 5 - 13*f + 4*f. Let q be s(6). Calculate the highest common divisor of t and q.
13
Suppose -16303 = -7*u - 3423. What is the highest common factor of 1495 and u?
115
Let o(k) = 3*k - 71. Let u be o(23). Let c be (5 + u)*(-24 + 30). What is the highest common factor of c and 14?
2
Let k = 1315 - 1275. Let z(m) = 56*m**2 + 2*m + 2. Let q be z(2). What is the highest common divisor of k and q?
10
Let f = 12 + 4. Let k = 24313 + -24301. Calculate the greatest common divisor of f and k.
4
Let w be ((-5)/20)/((-3)/144)*(-20)/(-6). Calculate the greatest common factor of 100 and w.
20
Suppose -13*w + 138 = -4308. What is the highest common divisor of w and 152?
38
Suppose i + 0*i = 0. Suppose i = 2*r - 5*r + 696. What is the highest common factor of 58 and r?
58
Suppose h = -4*x + 2*x + 5674, 0 = 5*h + 20. What is the greatest common divisor of 835 and x?
167
Let j = 201 + -201. Suppose j = 2*p - 10, 5*t - 4*t - 3*p + 6 = 0. Suppose 19 - 4 = -5*y, 4*l - 279 = -3*y. What is the highest common factor of l and t?
9
Let h = -21823 - -23100. What is the highest common factor of h and 1?
1
Let p be -1302*(13 + (-108)/8). Calculate the highest common factor of 42 and p.
21
Suppose 5*s = 160 + 70. Let n = s + -40. Suppose -n*j - 36 = -144. What is the highest common factor of j and 2?
2
Let l be (-547 - -525)/((-1 + 0)/1). Let u(n) = -n**2 + n + 4. Let x be u(-3). Let c be x/(-1) - (1 + -4). Calculate the highest common factor of c and l.
11
Let w = 4 - -4. Suppose 2396 = 5*j + 2*c, 5*j - 4*c = 381 + 2027. What is the greatest common factor of j and w?
8
Let a(r) = 15*r + 15*r - 11*r**2 - 6*r + 16 - r**3. Let c be a(-13). What is the greatest common factor of 532 and c?
14
Let l(f) = -26*f - 90. Let h be l(-7). Let s be (-753)/(-69) + 8/h. Let p be 119 + -1 + 1 - -2. Calculate the greatest common divisor of p and s.
11
Let h = -426 - -552. Let w(r) = 4*r**2 + 34*r + 178. Let y be w(-8). Calculate the highest common divisor of h and y.
18
Suppose 16*u - 164894 = -19*u + 38946. What is the highest common factor of 130 and u?
26
Let t be (1 + -1 - -20) + -2. Let x be (-2)/6 + 12956/474. Calculate the greatest common divisor of x and t.
9
Let q = -174 - -411. Let b = -92 + q. Let x = -72 - -101. Calculate the highest common divisor of x and b.
29
Let c be ((-45878)/(-87))/((-3)/((-27)/6)). Calculate the highest common divisor of 7 and c.
7
Let n(t) = t**2 - 16*t + 34. Let c = -11 + 25. Let j be n(c). What is the greatest common factor of 3 and j?
3
Let h(k) = 10*k - 236. Let o be h(71). Calculate the highest common divisor of 237 and o.
237
Let d(j) = j**3 - 21*j**2 - 69*j - 27. Let u be d(24). Let x = u + -24. Calculate the highest common factor of 9 and x.
3
Let j be (-128)/((-984)/(-2535) - (-34)/(-85)). Calculate the highest common factor of j and 169.
169
Let d be 39/21 + 1/7. Suppose -j + 26 = d. Calculate the greatest common divisor of 288 and j.
24
Let m = -2 + 5. Suppose 130 = m*i - i. Suppose 4*x = -s + 46 - 5, -35 = -5*x. What is the highest common divisor of s and i?
13
Suppose 0 = 121*b - 124*b - 18, 4*b + 3549 = h. What is the greatest common divisor of h and 75?
75
Suppose 107*y - 34*y = 120231. Calculate the greatest common divisor of y and 27.
27
Suppose -66*j = -22*j - 13728. Calculate the greatest common factor of j and 120.
24
Suppose -l + 3*o = 2*o - 7, 0 = -5*l - 2*o. Suppose -3*u = 2*g - 569, -l*u + 2*g + 34 + 342 = 0. What is the greatest common divisor of 21 and u?
21
Let b = -168 + 186. Suppose -b*p + p = -561. Calculate the highest common factor of p and 88.
11
Suppose -3*u = -5*z + 51 + 55, 3*z - 4*u - 57 = 0. Let j = 16 + z. Let r = 380 + -377. Calculate the highest common factor of j and r.
3
Let w be 202*1*(0 + 8/(-16)). Let i = w + 135. Calculate the highest common divisor of 153 and i.
17
Let l(w) = -5*w + 3690. Let u be l(9). Calculate the highest common divisor of 3 and u.
3
Suppose -4*u + 0*u + 4396 = -4*d, -5*u = 5*d + 5545. Let n = -78 - d. Calculate the highest common divisor of 54 and n.
54
Let a be 20/40*(4 - (-2 - -6)) - -1. Calculate the highest common factor of 1033 and a.
1
Let a(z) be the second derivative of -z**5/5 + z**4/3 + z**3 + 3*z**2 + 2*z - 20. Let j be a(-2). Calculate the highest common factor of 462 and j.
42
Let k(a) = 44*a**2 - a. Let u be k(-1). Let h(v) = 121*v**2 - 4*v - 1. Let o be h(-1). Let z = o + -94. Calculate the greatest common divisor of u and z.
15
Suppose 967806 + 2812875 = 413*t + 190059. What is the greatest common fact